= 4*m + 4*g - 28, 3*g = -15. Let n(o) = -o + 3. Let t be n(-3). Let s = m - t. What is the units digit of s?
5
Suppose b + 1126 = 5*t, 4*t + 0*t + 4*b = 896. What is the units digit of t?
5
Let l(b) = -32*b - 1. Let d(c) = 33*c + 1. Let h(j) = -6*d(j) - 7*l(j). What is the units digit of h(4)?
5
Let b be (1 - (-9)/(-6))/((-4)/520). Suppose 3*m - 212 = -2*f, 3*m + b = 5*f - 465. What is the hundreds digit of f?
1
Let f = 36 + -39. What is the hundreds digit of ((-3)/(-2))/(f/(-238))?
1
Suppose 12 = -0*i + 6*i. Suppose i*o + 4*j - 5*j = 65, o + j = 34. What is the tens digit of o?
3
Let g be ((-15)/(-2) + -3)/(2/(-4)). Let q = 30 + g. What is the units digit of q?
1
Suppose 4*c + 3 = z - 7, 2*c = -6. Let t = 4 + z. Suppose 124 = -0*k + t*k. What is the tens digit of k?
6
Suppose -6*s + 1805 = -553. What is the units digit of s?
3
Let z = -290 + 420. Let q = 233 - z. What is the units digit of q?
3
Suppose 0 = 2*s - 3*z + 3, -3*s - 3*z = -1 - 2. Let i(f) = -f**3 + f**2 + 4. Let h be i(0). Suppose s = -h*p + 16 + 8. What is the units digit of p?
6
Let m(g) = 2*g**3 - 14*g**2 + 13*g - 8. Let s be m(6). What is the hundreds digit of 8/s + -7 + 12 + 206?
2
Let c(u) = -112*u - 1119. What is the thousands digit of c(-55)?
5
Suppose 0 = -3*g - t + 18, 4*g + 2*t = 5*g + 1. Suppose g*b - 110 - 110 = 0. What is the units digit of b?
4
Let t(z) = 4*z**2 - 2*z + 281. Let x be t(0). Let b = x + -82. What is the units digit of b?
9
Suppose 73*b - 13515 = 58*b. What is the units digit of b?
1
Let v(r) = 9*r**2 - 2*r + 1. Let a(b) = 2*b - 3 + 2 - 4. Let l be a(3). What is the units digit of v(l)?
8
Let b(q) = 9*q**2 + q. What is the hundreds digit of b(-6)?
3
Let i be (-184)/(-48) - (-2)/12. Suppose -5*f - 3*k = -243, i*f + 0*k = k + 208. What is the units digit of f?
1
Let r = 656 - 159. What is the hundreds digit of r?
4
Suppose 31*b = 31252 + 15031. What is the units digit of b?
3
Suppose 5*d = -x + 2*x - 266, 834 = 3*x + 3*d. What is the tens digit of x?
7
Let n be (-40)/(-24)*(-1 - (-12)/3). Suppose 0 = 4*c + 5*y - 1048, 2*y - n*y - 786 = -3*c. What is the tens digit of c?
6
Let t(y) = -3*y + 4. Let d be t(-2). Suppose -d*s = -9*s. Suppose k - 4*w = 6*k - 11, -3*k - w + 8 = s. What is the units digit of k?
3
Suppose t + m - 1021 = -m, 3073 = 3*t - 4*m. What is the thousands digit of t?
1
Suppose -3*l + 6*l - 12 = v, 5*l - 20 = 3*v. Suppose v = 11*u - 12*u + 142. What is the hundreds digit of u?
1
Let c be -17 + 16 + (-3)/((-3)/23). What is the tens digit of (-123)/(-2) - (c/4 + -5)?
6
Let k = 4081 - 2368. What is the thousands digit of k?
1
Suppose -3*m - 54 = -6*m. Let l be (-399)/(-27) - (-4)/m. What is the units digit of 3/l - (-19)/5?
4
Let r(w) = -4*w + 14. Let l(i) = -8*i + 28. Let j(v) = 2*l(v) - 5*r(v). Let f be j(6). Suppose 2 + f = 2*o. What is the units digit of o?
6
Let x(m) = m**2 + 4*m - 33. Let o(w) = -w**3 - 21*w**2 - 16*w + 65. Let a be o(-20). What is the tens digit of x(a)?
3
What is the units digit of (-45)/(-10)*(-18)/(-3)?
7
Suppose 4*f = 4*o - 3 - 17, 0 = -4*f + 5*o - 23. Let h = 13 + f. Suppose 3 = -4*b + h. What is the units digit of b?
2
Let f(o) be the third derivative of o**5/5 - o**4/12 - 4*o**3/3 - 30*o**2. What is the units digit of f(3)?
4
Let v = -266 + 397. What is the tens digit of v?
3
Suppose -5*n + 2 + 8 = 0. Suppose s + 3*a + 10 = 0, 2*a + 0*a = -5*s + n. Suppose -t = s*t - 3. What is the units digit of t?
1
Let m = 143 - 138. Let d(b) = 685*b. Let r be d(1). What is the tens digit of (-2)/m - r/(-25)?
2
Suppose -5*l = t - 49, t + 42 = 4*l - t. Let q = -24 + l. Let s = -9 - q. What is the units digit of s?
5
Let q = -257 - -309. What is the units digit of q?
2
Let s(v) be the third derivative of v**6/120 - 2*v**5/15 + v**4/24 + 43*v**3/6 + 52*v**2. What is the units digit of s(9)?
3
Let s be 12/(-9)*3 - -260. Suppose -4 = 6*u - s. What is the units digit of u?
2
Suppose -2*t - 4*z + 4476 = t, 0 = 3*t - 2*z - 4458. What is the hundreds digit of t?
4
Let u = -142 - -209. What is the units digit of u?
7
What is the units digit of (29 - 16 - -3491) + (-2 - -7)?
9
Suppose 1135 = -j + 6*j. Suppose -j = -8*v + 101. What is the units digit of v?
1
Let x(r) = -8*r**2 + 2*r - 10. Let m be x(-5). What is the tens digit of m/(-8)*(-8)/(-10)?
2
Let w = -76 - -81. Suppose -j = -115 + w. What is the tens digit of j?
1
Suppose -4*v = -2*h - 0*h + 18, 3*v - 6 = -5*h. Let d(m) = -m - 1. Let b be d(v). Let l(n) = 2*n**2 + 2*n - 2. What is the tens digit of l(b)?
1
What is the hundreds digit of 9/(-12)*-491 + (-13)/52?
3
Suppose 0*h - 5026 = -2*h - 5*y, 0 = 4*y. Suppose -11*r = -h - 358. What is the tens digit of r?
6
Suppose 16 = 3*q - 23. Suppose -q*r + 16*r = -9. Let y = 10 + r. What is the units digit of y?
7
Let d = -136 - -747. What is the units digit of d?
1
Suppose 0 = 3*y + y - 12. Suppose y = -w + 2*w. Suppose -w*t = -2*c - 2*t + 42, -3*c + 5*t = -49. What is the tens digit of c?
2
Suppose -u = -53 + 51. What is the tens digit of (u/4)/((-6)/(-2160))?
8
Suppose -4*t - 3*s = -2096, -6*t = -9*t + s + 1585. What is the hundreds digit of t?
5
Let u = 669 - -107. Suppose 9*w = u + 1447. What is the units digit of w?
7
Suppose -3*p = -6*p + 12. Suppose 2*t - 12 = 2*i, p*t + 0*i = -2*i + 18. Suppose 0 = 3*j + 3*b - 69, t*j = -b + 26 + 69. What is the tens digit of j?
1
Let i = 16 + -11. Suppose -19 = -i*v - 4*l, 5*v = -0*v - 2*l + 17. Suppose q + v - 8 = 0. What is the units digit of q?
5
Let d(k) = -5 + 7 - 6*k - k**2 - 5. What is the units digit of d(-5)?
2
Let f(g) = 4 - 1 - 909*g + 932*g. What is the hundreds digit of f(6)?
1
Let o(d) = d - 11. Let l be o(12). Let r be l/((-4)/(-24)*3). Suppose 3*n = 1 + r. What is the units digit of n?
1
Suppose 2*y + 2*z = -y - 116, -3*y + 3*z - 111 = 0. Let o be (-2)/3*(y - -2). Suppose -3*h + s - 4*s + o = 0, -4*s + 2 = h. What is the tens digit of h?
1
Let y be 188 + (3 - 6 - -2). Let t = -80 + y. What is the hundreds digit of t?
1
Suppose 0 = -2*j - 2*x + x + 10, -2*x = -3*j + 15. Let f be (-1)/j - 22/(-10). Suppose -8 = -4*b, -f*c + 25 = -5*b - 5. What is the tens digit of c?
2
What is the units digit of 95718/22 - ((-90)/33)/15?
1
Suppose 113 = 3*v - a, 3*v - 3*a - 43 = 2*v. Let l = 138 - v. What is the hundreds digit of l?
1
Let h = 1578 + -671. What is the units digit of h?
7
Let s(l) = l**2 - 7*l + 8. Let b be s(5). Let g(z) = 20*z**2 + z - 2. What is the tens digit of g(b)?
7
Suppose 4 = 4*d + 2*a, 20 = -4*d + 5*a - 4. What is the tens digit of (3 + -10 + 2)/(d/25)?
2
What is the tens digit of (-1 - 1)/((-2)/778)?
7
Let f(v) = -4*v**3 - 2*v**2 - 3*v. Let q(s) = -3*s**3 - s**2 - 2*s + 1. Let b(h) = -2*f(h) + 3*q(h). What is the units digit of b(0)?
3
Let x be 6/27 + 75/27. Let m be 1 + 15/x + -2. Suppose 2*v = m*v - 40. What is the units digit of v?
0
Let o(a) be the first derivative of a**2/2 + 2*a - 4. What is the units digit of o(6)?
8
Let l = -54 - -48. Let a(d) = -4*d + 21. What is the units digit of a(l)?
5
Let x be 6/((-10)/4 + 1). Let s(d) = d**2 + 4*d + 1. Let a be s(x). What is the tens digit of 12 - -1 - (a + 0)?
1
What is the units digit of (-9)/(-24)*-2 - (-2515)/20?
5
Suppose -7*b + 8 = 36. Let l(v) = 3*v**2 + 7*v + 14. What is the units digit of l(b)?
4
Suppose 214*d = 208*d + 9744. What is the units digit of d?
4
Let l = 212 + 4. Let h = l - 107. What is the tens digit of h?
0
Let m = 3148 - 2164. What is the units digit of m?
4
Suppose -12*g + 12496 = -7832. What is the hundreds digit of g?
6
Let n = 23 - 0. Suppose 20*y - n*y = -60. What is the tens digit of y?
2
Let b(c) = -c + 7. Let p be b(7). Suppose -w = -p*w. Suppose -4*q = 3*v - 62, -2 = 2*q - w. What is the tens digit of v?
2
Let f = -84 - -107. Suppose -66 = -25*t + f*t. What is the units digit of t?
3
Let z be 2/7 + (-33)/(-7). Suppose 2*m - z*m = -246. What is the tens digit of m?
8
Suppose 0 = r + 20 - 104. What is the units digit of r?
4
Let j be ((-12)/(-5))/(15/250). Let o be (-2)/5 - (-296)/j. What is the units digit of (-5 + o)*(-74)/(-4)?
7
Suppose -21872 + 1320 = -5*p + 4*v, 3*p + v - 12321 = 0. What is the units digit of p?
8
Let x be (-6)/(-8) + (-220)/16. Let m = x - -3. What is the units digit of (-450)/m*16/10?
2
Let p be -17 + (2 - -1) + 2. Let f = p + 9. What is the tens digit of (2 - f - 